f) be the third derivative of f**5/60 - f**4/4 + f**3 - f**2. Let o(s) = s**3 - 7*s**2 + 8*s + 6. Let h be o(6). Suppose -3 + h = 3*m. Determine z(m).
1
Let p(s) = 0*s**2 - s**3 - 3*s - 3*s**2 - 2*s**2. Determine p(-2).
-6
Let r be (2 - (-4)/4) + -13. Let q(b) = b + 11. Determine q(r).
1
Let n = 42 + -28. Let h = -16 + n. Let z(v) = v**2 + 4*v. Give z(h).
-4
Let c = 2 + 0. Let t(w) be the first derivative of w**c + 2 - 5*w - 5*w + 4*w. What is t(5)?
4
Let v(m) be the second derivative of m**4/3 - m**3/6 - m**2/2 + m. Let a(t) = t**3 + t**2 - 1. Let w be a(-1). Calculate v(w).
4
Let u(j) = -2*j + 3. Suppose 2*i + 3*i = 50. Suppose 3*y = 2*l - 18, 4*y + 9 = l - i. Calculate u(l).
-3
Let r(n) = n + 1. Let m(h) = 8*h + 7. Let i(c) = -m(c) + 6*r(c). Calculate i(2).
-5
Let w be 8/12*1*3. Let v(p) = -p + 2. Give v(w).
0
Let k(s) = -s**3 + 4*s**2 - s. Let q be k(2). Let p(t) be the third derivative of -t**4/24 + 4*t**3/3 - t**2. What is p(q)?
2
Let s(n) = -n + 5. Let y be ((-8)/3)/(16/(-24)). Calculate s(y).
1
Suppose 3 = 2*z - 3. Let t(m) = -m**3 + 2*m**2 + 2*m - 4. Calculate t(z).
-7
Let k(t) = 5*t**3 - t**2 + 1. Suppose -4*r + 2 + 9 = 3*w, 5*w = 2*r + 27. Calculate k(r).
-5
Let s = -3 + 5. Let r be 3/s*12/9. Let t(p) = -r - 4*p + p + 0. Determine t(2).
-8
Let m(g) = 32*g + 2. Let t be m(1). Let f(p) = -p**3 + 0*p - 16 - 14 + p + t. Let w = 0 - 0. Give f(w).
4
Let p(d) = d - 17. Suppose -42*l - 16 = -44*l. What is p(l)?
-9
Let d = 5 + -8. Let x(v) = -2*v**3 - 5*v**2 - 5*v + 5. Let f(k) = k**3 - k. Let o(b) = d*f(b) - x(b). Suppose -u = -3, 0 = 3*g - g + 4*u - 24. Give o(g).
7
Let j be 15/6*16/(-20). Let x(w) = w**3 - 2*w**2 - 4*w - 3. Determine x(j).
-11
Let k(n) = 2*n**3 + n**2 + 2*n + 1. Suppose 3*y = 4*p + 11, -2*y + 8 = -2*p + 2*y. Let d(w) = w**2 + w - 3. Let i be d(p). Give k(i).
-2
Suppose u - 13 = 4*m + m, m = 5*u - 17. Let i(y) = -5*y**2 - y + 1. Let x(n) = 4*n**2 + 2*n. Let b(r) = u*i(r) + 4*x(r). Give b(-5).
3
Let m be (-17)/(-4) - (-3)/(-12). Let h(o) = -m*o**2 - 5 + 2*o**3 + 8*o**2 - 3*o**3. Let x = -9 - -13. What is h(x)?
-5
Let d(c) be the third derivative of c**4/24 + 6*c**2. Give d(3).
3
Let f = 23 + -19. Let h(o) = o**3 - 5*o**2 + 5*o. What is h(f)?
4
Let t(j) be the first derivative of j**3/3 - j**2/2 - 14*j + 35. Calculate t(0).
-14
Let v(i) = -11*i**3 - i**2 - 2*i - 1. Suppose 4*p - g = -4*g - 7, -5*p - 2 = -3*g. Give v(p).
11
Let x be 2/((-3)/3 - -2). Let h(n) = -11*n - 7 + x + 4*n - n**2. Calculate h(-4).
7
Let u(f) = f**3 + 3*f**2 + 2*f. Suppose -4*v - 5*n + 24 + 7 = 0, 2*v - 5*n + 7 = 0. Suppose 3*r - v*y - 7 = 0, 0*r = -5*r - 2*y - 23. Give u(r).
-6
Let y(p) be the first derivative of p**2 - 7*p - 21. What is y(5)?
3
Let m(v) = -2*v - 2. Let c be m(1). Let i(s) = -s**3 - 3*s**2 + 3*s + 2. Give i(c).
6
Suppose -2*c - c - 15 = 0, 2*c = 4*l - 50. Suppose -y + 0 = i + 2, 5*y + 3*i + l = 0. Let x(t) = -t**2 - 1 + 5*t + 3 - 2*t. Determine x(y).
-8
Let c = 14 - 10. Let h(j) = c + 1 + 5*j - 1 + 0 + j**2. Give h(-5).
4
Let o(d) be the first derivative of d**2/2 + 23. Let m = 2 + 0. Give o(m).
2
Suppose -9*y = -2*y + 35. Let g(t) = t**3 + 6*t**2 + 5*t - 1. What is g(y)?
-1
Let u(b) = 4 - 5*b + b**3 + 0*b**3 + 3*b + 2*b**2. Let y be (6/5)/((-4)/10). Give u(y).
1
Let f(t) = -4*t**2 - 2*t + 3. Let x(u) = -2*u**2 - u + 2. Let m(q) = 3*f(q) - 5*x(q). Calculate m(-2).
-7
Let q(u) be the second derivative of u**3/6 - u**2 - 2*u. Let m(n) = -n**3 - 2*n**2 + 4*n**2 - n**2 - n. Let v be m(0). What is q(v)?
-2
Let y(w) be the first derivative of 4*w**2 - 45. Let q = 6 + -8. Calculate y(q).
-16
Let c(s) = s - 3*s**2 + 3*s**2 - 6*s + 2*s**2 + 4. Let b(d) = d - 1. Suppose -q - 2 = -8. Let g(j) = q*b(j) + c(j). Give g(-2).
4
Let g(a) = -4*a**3 + a**2 - 1. Suppose 2*x - 12 = -10. Determine g(x).
-4
Let s(r) be the second derivative of 1/3*r**4 + 3/2*r**2 + 0 + 0*r**3 + 1/20*r**5 + 3*r. Let x(p) = -p**2 - 4. Let f be x(0). Determine s(f).
3
Let c(n) = n**2 + n + 3. Let s(o) be the first derivative of -o**3/3 + 4*o + 8. Let j be s(-2). What is c(j)?
3
Suppose 3*h - 6 = 0, -3*h = -2*k - 6*h + 4. Let v(w) = 4*w**3 + w**2 - w - 1. What is v(k)?
-3
Let y be (-462)/105 + 6/(-10). Let t(f) = -f**2 + 1 + 0 - 3*f - f. Give t(y).
-4
Let b(p) = -p**2 + 6*p + 2. Let g(d) = 5*d**2. Let a be g(-1). Determine b(a).
7
Let b(z) = -6 + z + 14 - 9 - 2*z**3 - 3*z + 4*z**2. Calculate b(3).
-25
Let t(h) = -h - 2. Let n be -2*2/(-2) + -5. Let q be 2/(-2)*1 + n. Calculate t(q).
2
Suppose -2*v = -5*n - 45, -v + 3*n = -33 + 8. Suppose 5*c + 5*b = 2*b - 28, -5*b + v = -3*c. Let y(s) = -s**2 - 4*s + 5. Give y(c).
0
Let y(m) be the second derivative of -2*m**3/3 + m**2 + 6*m - 2. Give y(4).
-14
Let x(d) = -7*d - 42 + 10*d + 3*d + 9*d. Let i(z) = 6*z - 17. Let v = -22 - -10. Let q(t) = v*i(t) + 5*x(t). What is q(5)?
9
Let b(o) = -5*o**3 - 2*o**2 - o + 4. Let h(d) = 9*d**3 + 5*d**2 + 3*d - 8. Let q(x) = -x**2 + x - 7. Let s be q(0). Let w(g) = s*b(g) - 4*h(g). Calculate w(-4).
-8
Let w(q) = -q - 1. Let j = 12 + -13. Let s(b) = 4. Let c(r) = j*s(r) - 2*w(r). Calculate c(-2).
-6
Let f(w) = 2*w - 3. Suppose -3*z - 13 + 22 = 0. What is f(z)?
3
Let h(y) = -y**3 - 3*y**2 - 5*y - 4. Let a be h(-2). Suppose -2*g = -5*g - 2*z - 5, -g + 1 = a*z. Let w(n) = -n**3 - 4*n**2 - 3*n + 2. What is w(g)?
2
Let x(i) = i - 5. Let d = -49 - -59. Calculate x(d).
5
Let w(n) = 3*n**3 + 8*n**2 - n + 5. Let u(g) = -2*g**3 - 5*g**2 + g - 3. Let i(p) = -7*u(p) - 5*w(p). Determine i(-5).
6
Suppose -i + 2*i - n = -6, -2*n = -10. Let k(s) = -7*s**3 + s. Calculate k(i).
6
Let a be (1/(-3))/(5/75). Let d(z) = 3*z**3 - 5*z**2 - 5*z + 1. Let k(y) = -2*y**3 + 2*y**2 + 3*y - 1. Let i(l) = 3*d(l) + 5*k(l). What is i(a)?
-2
Let w(l) be the second derivative of -l**8/6720 - l**7/2520 - l**5/40 + l**4/3 - 3*l. Let n(j) be the third derivative of w(j). Calculate n(0).
-3
Let z = 14 + -10. Let b(h) = 3*h - 5 + 2*h**2 + h**3 - 4*h**2 - 2*h**2. What is b(z)?
7
Let v(u) = 2*u**3 + 4*u**2 + 3*u. Let k be v(-2). Let m(l) = -l**2 - 11*l + 2. Let p(x) = 2*x**2 + 23*x - 5. Let d(s) = -7*m(s) - 3*p(s). What is d(k)?
-11
Let l(f) = f**2 + 12*f + 4. Let j be l(-12). Suppose 2*v - 4*v = j. Let q(d) = 2*d. What is q(v)?
-4
Let j(a) = -5*a - 2. Suppose u + 5*x + 22 = 0, -4*u - 2*x + 0 = -2. Let c = 1 - u. Determine j(c).
8
Suppose u = -0*u + 40. Let r be (3/2)/(12/u). Suppose -4*f + r = f. Let l(z) = -6*z**2 + z - 1. Determine l(f).
-6
Let g(h) = 6*h - 1. Let c(p) = -3*p + 6. Let q be c(-5). Let j be q/18 - (-2)/(-12). Determine g(j).
5
Let j(a) = -3*a**2 - 6*a + 6. Let c(x) = 7*x**2 + 13*x - 13. Suppose -4*z + 3*d - d + 12 = 0, 4*z - 5*d - 18 = 0. Let m(i) = z*c(i) + 5*j(i). Calculate m(-3).
7
Let z(n) be the second derivative of n**5/20 + 5*n**4/12 - n**3/2 - 3*n**2 + 29*n. Calculate z(-5).
9
Let t(p) = 40 - 2*p**3 - 41 + 2*p + 0*p. Give t(-2).
11
Suppose 13*x - 10 = 8*x. Let r(d) = -d**2 - 3*d + 3. Give r(x).
-7
Let j(g) be the first derivative of g**3/3 - 4*g - 11. Determine j(-3).
5
Let l(t) = -4*t - 5. Let u(y) = -5*y - 6. Let k(j) = -6*l(j) + 5*u(j). Give k(6).
-6
Let g be (3/2)/(6/8). Let a(q) = -q**3 + 3*q**2 + 3*q + 3. Let b be a(4). Let x be 2 - (-2 - b)*g. Let c(f) = 2*f - 5. What is c(x)?
3
Let u(g) = -g**2 - 5*g. Let y be u(-3). Let i(o) = o**2 - 6*o - 6. Give i(y).
-6
Let o(s) = 9*s**3 + 3*s**2 + 2*s + 0*s**3 + 1 - s**2. What is o(-1)?
-8
Let q(o) be the first derivative of o**6/120 + o**5/10 - o**4/24 + 5*o**3/6 + 3*o**2 - 9. Let z(f) be the second derivative of q(f). What is z(-6)?
11
Let d(s) be the third derivative of -1/24*s**4 - 1/60*s**5 + 0 - 2*s**2 + 0*s + 0*s**3 + 1/15*s**6. Let h be (-1)/3*6/2. What is d(h)?
-8
Let z(y) = 8*y - 12. Let o(d) = 3*d - 4. Let f(q) = -11*o(q) + 4*z(q). Determine f(-6).
2
Let w be -3*(-2 - -3) - 0. Let t = -1 - w. Let g(f) = 2*f**2 + 2*f + 22. Let n(s) = -s**2 - s - 9. Let u(d) = -5*g(d) - 12*n(d). Give u(t).
10
Let g(r) = r**2. Let l(s) = -s**2 - 5*s + 3. Let d be -2 - 7 - (-3 + 0). Let f be l(d). Give g(f).
9
Suppose 8 = 3*a - 4, -3*q = -3*a - 9. Let o(h) = h + 3. What is o(q)?
10
Let a(y) be the second derivative of y**6/360 - y**5/40 - y**4/24 - y**3/3 + y. Let n(w) be the second derivative of a(w). What is n(4)?
3
Let r(f) be the first derivative of f**2/2 + f + 8. Give r(-2